i - 49889. What is w(35)?
-224
Let u(m) = m**2 - 53042*m + 954426. Calculate u(18).
-6
Let c(q) = -q**3 - 208*q**2 + 2431*q + 4391. Calculate c(-219).
-427
Let w(p) = -3*p**3 - 199*p**2 - 2025*p - 1492. Determine w(-54).
-34
Let v(c) = 2417*c + 1060. Give v(0).
1060
Let h(g) = g**3 + 14*g**2 - 1112*g - 13593. Give h(-12).
39
Let k(o) = -7*o**2 + 155*o + 1593. Calculate k(27).
675
Let m(q) = -14*q**3 + 412*q**2 + 828*q - 7. Determine m(-2).
97
Let r(z) = 75201*z + 225617. Determine r(-3).
14
Let k(y) = 3*y**3 - 60*y**2 + 2903*y - 58053. Give k(20).
7
Let a(f) = -16*f**3 - 289*f**2 - 6*f + 49. Calculate a(-18).
-167
Let t(g) = -3311660*g - 6623311. Determine t(-2).
9
Let t(s) = -6*s**2 + 5642*s - 39204. Determine t(7).
-4
Let b(q) = q**3 + 2*q**2 + 879*q + 413. What is b(0)?
413
Let l(z) = 723*z - 29034. Determine l(42).
1332
Let o(r) = r**3 + 8*r**2 + 6*r - 252. What is o(-15)?
-1917
Let p(z) = -9*z**2 + 51*z + 372. What is p(11)?
-156
Let b(l) = 1363*l - 249519. What is b(183)?
-90
Let y(s) = 5255*s - 43028. What is y(8)?
-988
Let a(u) = -u**3 + 24*u**2 + 205*u - 2573. Calculate a(28).
31
Let c(l) = -2*l**2 - 1736*l - 38527. What is c(-22)?
-1303
Let k(c) = 2*c**2 + 199*c + 4047. Give k(-71).
0
Let m(i) = 119*i**2 + 1818*i + 6929. Give m(-8).
1
Let q(z) = 17724*z + 124014. Calculate q(-7).
-54
Let g(o) = -1152119*o - 4608483. Calculate g(-4).
-7
Let a(v) = 238103*v + 4047741. Calculate a(-17).
-10
Let k(f) = -4*f**2 - 1287*f - 10082. Give k(-8).
-42
Let d(v) = -436*v - 48332. Give d(-111).
64
Let z(s) = -162*s**2 - 466*s - 45. Calculate z(-3).
-105
Let z(q) = 7080*q + 56677. What is z(-8)?
37
Let z(x) = -4*x**3 + 27*x**2 + 235*x + 218. What is z(12)?
14
Let h(w) = 9*w**3 - 644*w**2 - 2323*w - 194. Give h(75).
-44
Let b(i) = -3*i**3 + 12*i**2 + 897*i + 581. Determine b(-15).
-49
Let c(t) = t**2 + 5325*t + 206152. What is c(-39)?
-2
Let r(l) = 486*l - 48099. What is r(99)?
15
Let z(x) = -14*x**2 - 775*x - 969. Give z(-55).
-694
Let m(i) = 17*i**2 - 789*i - 13861. Give m(60).
-1
Let k(u) = 384*u**2 - 1677*u + 352. Determine k(4).
-212
Let w(i) = -3*i**2 + 19474*i - 754922. Give w(39).
1
Let m(c) = 6*c**2 + 333*c - 4404. Determine m(13).
939
Let i(b) = -3*b**2 - 347*b - 4429. What is i(-101)?
15
Let v(g) = 6*g**3 - 160*g**2 + 156*g + 4. Give v(1).
6
Let u(j) = j**2 + 4345*j - 927989. Determine u(204).
7
Let y(x) = x**3 + 4*x**2 - 79*x + 21. What is y(-11)?
43
Let l(t) = -t**3 + 87*t**2 - 941*t + 483. What is l(12)?
-9
Let d(s) = -2*s**2 - 2431*s + 7314. Give d(3).
3
Let r(c) = -20*c**2 - 52*c + 1145. Calculate r(10).
-1375
Let w(q) = -q**3 - 14*q**2 - 179*q - 2621. What is w(-15)?
289
Let x(t) = -t**3 + 112*t**2 + 13267*t + 285. Give x(-72).
-1083
Let s(y) = 34*y**2 + 108*y + 11. What is s(-4)?
123
Let t(m) = -13*m**2 + 1124*m - 19251. Calculate t(63).
-36
Let t(i) = 2*i**3 - 156*i**2 + 257397*i - 20076962. What is t(78)?
4
Let d(h) = -2306730*h - 2306732. Determine d(-1).
-2
Let l(a) = -a**2 - 62*a - 617. Give l(-52).
-97
Let v(f) = 359*f + 173398. Determine v(-483).
1
Let q(i) = 33*i**2 - 413*i + 2099. Determine q(9).
1055
Let c(l) = -288416*l - 865252. What is c(-3)?
-4
Let y(b) = -11800*b + 86829. Calculate y(7).
4229
Let x(d) = -d**3 - 63*d**2 - 796*d + 224. Give x(-18).
-28
Let o(s) = s**3 - 11*s**2 - 161*s + 1559. Calculate o(11).
-212
Let t(x) = -x**3 - 12*x**2 - 84107*x - 588511. What is t(-7)?
-7
Let i(q) = -q**2 + 25856*q + 77584. Give i(-3).
7
Let o(y) = -y**2 - 3382*y - 280169. Determine o(-85).
76
Let d(s) = -s**2 - 14981*s - 1088291. Determine d(-73).
-7
Let o(l) = 2*l**3 - 203*l**2 + 667*l + 1855. Determine o(98).
-7
Let a(z) = 4622*z - 64726. Determine a(14).
-18
Let l(b) = -29534*b + 29539. Give l(1).
5
Let a(c) = -6815*c + 824631. What is a(121)?
16
Let j(b) = 105011*b + 630042. Calculate j(-6).
-24
Let u(o) = -o**3 + 61*o**2 + 136*o - 309. Determine u(63).
321
Let p(o) = 2*o**3 - 158*o**2 - 9837*o - 358. Determine p(120).
2
Let z(w) = 6*w**3 + 205*w**2 - 878*w - 24613. What is z(-35)?
-8
Let a(m) = -20*m**2 - 21921*m - 494652. Calculate a(-1073).
1
Let i(y) = -3015*y + 12084. Give i(4).
24
Let f(x) = -3*x**2 + 83*x - 85. Give f(1).
-5
Let q(i) = -2*i**3 + 8*i**2 + 5*i + 63. Give q(7).
-196
Let h(q) = -15*q**3 + 11*q**2 + 660*q + 3547. Determine h(-6).
3223
Let i(b) = 4363*b + 1121269. What is i(-257)?
-22
Let l(n) = -n**3 - 68*n**2 - 385*n - 747. Calculate l(-62).
59
Let m(o) = -12*o**2 - 458*o - 2431. What is m(-6)?
-115
Let s(a) = 49*a - 2578. Calculate s(44).
-422
Let m(q) = 3*q**2 - 344*q + 3810. What is m(11)?
389
Let i(v) = 4*v**2 + 5379*v - 16129. Calculate i(3).
44
Let i(x) = x**3 - 224*x**2 + 1519*x - 10. What is i(7)?
-10
Let r(k) = 4888*k - 5381682. Give r(1101).
6
Let r(i) = 34*i**2 + 7301*i - 9170. Determine r(-216).
118
Let n(s) = 4*s**3 - 175*s**2 - 8434*s + 14. Give n(-29).
-131
Let q(d) = -66581*d - 27. What is q(0)?
-27
Let u(o) = -o**3 + 84*o**2 - 244*o + 6577. Calculate u(82).
17
Let f(z) = 49974*z + 749555. Give f(-15).
-55
Let f(x) = -456*x - 18382. What is f(-41)?
314
Let z(h) = 4153*h**2 - 182*h + 180. What is z(1)?
4151
Let o(d) = -15*d**2 - 2618*d - 9044. Determine o(-171).
19
Let z(d) = -d**3 + 4*d**2 - 39*d + 219. Give z(8).
-349
Let i(l) = l**3 + 29*l**2 + 72*l + 12. Determine i(-3).
30
Let f(v) = v**3 - 31*v**2 + 150*v + 807. Give f(20).
-593
Let g(f) = -20600*f - 246946. Determine g(-12).
254
Let f(p) = p**2 + 4608*p + 36782. What is f(-8)?
-18
Let k(q) = 904*q - 11415. Calculate k(13).
337
Let w(f) = 7*f**2 - 2592*f + 742. What is w(370)?
2
Let v(a) = -3*a**3 - 1939*a**2 - 342*a + 196391. Give v(-646).
7
Let q(p) = 9878*p + 6035451. What is q(-611)?
-7
Let k(f) = -f**3 - 427*f**2 + 1226*f - 27518. Calculate k(-430).
2
Let x(c) = -4*c**3 - 79*c**2 + 13*c + 107. What is x(-8)?
-3005
Let r(i) = -68*i + 866. Calculate r(-10).
1546
Let v(w) = 987940*w - 7903517. Calculate v(8).
3
Let g(r) = r**3 - 503*r**2 - 97952*r + 1309. Give g(653).
3
Let u(s) = -2*s**3 + 41*s**2 - 82*s + 1244. Calculate u(20).
4
Let i(n) = 583*n + 13865. Calculate i(-24).
-127
Let g(n) = 584*n + 172895. Calculate g(-296).
31
Let t(o) = 2*o**3 - 174*o**2 + 3103*o + 139. Calculate t(62).
325
Let k(c) = 60723*c + 1639527. What is k(-27)?
6
Let y(m) = m**3 - 21*m**2 - 2*m + 768. Determine y(19).
8
Let j(m) = 71*m**2 + 1290*m - 12079. Give j(-25).
46
Let b(o) = -2*o**2 + 416*o + 24523. Determine b(-47).
553
Let t(z) = 2*z**3 + 19*z**2 + 2555*z + 20387. Give t(-8).
139
Let p(y) = 5*y**2 + 219*y + 555. Give p(-41).
-19
Let o(r) = -135029*r - 12. Give o(0).
-12
Let b(a) = -5*a**2 - 7944*a - 31820. Give b(-4).
-124
Let p(f) = 94*f + 12508. Give p(-123).
946
Let o(p) = 30135*p - 2470915. Give o(82).
155
Let m(g) = g**3 - 93*g**2 + 1656*g - 90. What is m(69)?
-90
Let s(v) = -647*v - 2751. Calculate s(-4).
-163
Let q(n) = 18*n**2 - 189923*n - 379850. Give q(-2).
68
Let r(o) = -3*o**3 - 498*o**2 - 4683*o - 444. Determine r(-156).
24
Let v(d) = 43*d**2 + 17496*d - 34995. Determine v(2).
169
Let o(h) = -50658*h - 658529. Calculate o(-13).
25
Let g(r) = 3*r**3 - 382*r**2 + 119*r + 294. What is g(127)?
-722
Let w(o) = 119676*o - 119643. Calculate w(1).
33
Let b(x) = 11*x**3 + 17*x**2 + 19*x - 1. Give b(4).
1051
Let h(p) = 85*p + 16005. Calculate h(-180).
705
Let i(k) = -1569*k - 312221. Calculate i(-199).
10
Let r(g) = -12287*g + 565191. Calculate r(46).
-11
Let g(b) = -143*b + 8090. Calculate g(50).
940
Let c(b) = 1126*b + 244305. Give c(-217).
-37
Let g(j) = 81*j**3 - 53*j**2 - 69*j + 71. Calculate g(1).
30
Let c(q) = -99510*q + 597130. Determine c(6).
70
Let u(m) = -8*m**3 - 27*m**2 + 36*m + 93. Determine u(3).
-258
Let t(k) = 1482*k - 11. What is t(0)?
-11
Let b(x) = -3*x**3 - 454*x**2 - 6078*x + 862. Give b(-15).
7
Let d(h) = -2*h**3 + 392*h**2 + 1341*h - 29248. Determine d(199).
5
Let z(k) = -k**2 + 151*k - 586. What is z(4)?
2
Let d(r) = 6971*r - 439119. What is d(63)?
54
Let a(x) = -2*x**3 + 56*x**2 - 79*x + 2145. What is a(28)?
-67
Let j(i) = -212474*i - 20185027. Calculate j(-95).
3
Let w(f) = 2*f**3 - 36*f**2 - 152*f + 389. Determine w(21).
-157
Let s(h) = 8*h - 3. Calculate s(38).
301
Let m(c) = -299*c + 53841. Calculate m(182).
-577
Let d(z) = -2*z**2 + 178*z - 534. Give d(81).
762
Let m(d) = -d**3 + 17*d**2 - 675*d + 11560. Det